 3488474 is divided by 533?
522
What is the remainder when 132591 is divided by 17989?
6668
Calculate the remainder when 2675262 is divided by 138.
132
Calculate the remainder when 86637609 is divided by 236.
121
Calculate the remainder when 122626 is divided by 1480.
1266
What is the remainder when 3707170 is divided by 4232?
4170
Calculate the remainder when 43818 is divided by 5475.
18
Calculate the remainder when 1044420 is divided by 13390.
0
Calculate the remainder when 26180814 is divided by 763.
758
Calculate the remainder when 356711 is divided by 5486.
121
Calculate the remainder when 442522 is divided by 147497.
31
What is the remainder when 27661821 is divided by 216?
213
What is the remainder when 1265904 is divided by 916?
908
Calculate the remainder when 25362459 is divided by 62.
57
What is the remainder when 269315 is divided by 6904?
59
Calculate the remainder when 600287 is divided by 414.
401
What is the remainder when 32920424 is divided by 121?
75
Calculate the remainder when 511640 is divided by 127902.
32
What is the remainder when 5810051 is divided by 5851?
8
What is the remainder when 3154244 is divided by 788550?
44
Calculate the remainder when 55380 is divided by 1461.
1323
What is the remainder when 171306 is divided by 1180?
206
What is the remainder when 556093 is divided by 69455?
453
What is the remainder when 2977284463 is divided by 2063?
2060
Calculate the remainder when 208884 is divided by 1243.
60
What is the remainder when 1892558 is divided by 347?
20
What is the remainder when 498313 is divided by 438?
307
Calculate the remainder when 469888 is divided by 1918.
1896
What is the remainder when 201906 is divided by 665?
411
Calculate the remainder when 14281125 is divided by 1098541.
92
Calculate the remainder when 97582 is divided by 2120.
62
Calculate the remainder when 29569317 is divided by 51.
27
Calculate the remainder when 562898 is divided by 14807.
232
Calculate the remainder when 144109 is divided by 18008.
45
What is the remainder when 301835 is divided by 51?
17
Calculate the remainder when 260670 is divided by 9968.
1502
What is the remainder when 737452 is divided by 147437?
267
Calculate the remainder when 14940159 is divided by 866.
793
What is the remainder when 94913 is divided by 15639?
1079
What is the remainder when 187046 is divided by 1391?
652
What is the remainder when 395940 is divided by 140?
20
Calculate the remainder when 15924957 is divided by 3981236.
13
What is the remainder when 188968 is divided by 47145?
388
Calculate the remainder when 504186 is divided by 16264.
2
What is the remainder when 24491 is divided by 2584?
1235
What is the remainder when 398027 is divided by 5673?
917
What is the remainder when 669397 is divided by 3556?
869
What is the remainder when 25424291 is divided by 90801?
11
Calculate the remainder when 1947815 is divided by 8083.
7895
What is the remainder when 13180839 is divided by 1699?
1696
Calculate the remainder when 520904 is divided by 260438.
28
What is the remainder when 432393 is divided by 105735?
9453
What is the remainder when 1578278 is divided by 1048?
1038
What is the remainder when 24885154 is divided by 6221263?
102
What is the remainder when 81188388 is divided by 20146?
8
Calculate the remainder when 1224719 is divided by 408236.
11
Calculate the remainder when 24049477 is divided by 5492.
9
Calculate the remainder when 60125 is divided by 59646.
479
Calculate the remainder when 1846229 is divided by 77.
0
Calculate the remainder when 15080866 is divided by 2006.
1764
Calculate the remainder when 251316223 is divided by 263.
261
Calculate the remainder when 4318115 is divided by 4318055.
60
Calculate the remainder when 10096 is divided by 2506.
72
What is the remainder when 34758731 is divided by 51?
38
Calculate the remainder when 16690552 is divided by 254.
212
What is the remainder when 462649 is divided by 2688?
313
Calculate the remainder when 1235772 is divided by 684.
468
What is the remainder when 157547 is divided by 3928?
427
Calculate the remainder when 419504 is divided by 139779.
167
What is the remainder when 1424643 is divided by 9673?
2712
Calculate the remainder when 30501167 is divided by 4734.
5
Calculate the remainder when 18960675 is divided by 34.
31
Calculate the remainder when 124644 is divided by 7.
2
Calculate the remainder when 4135642 is divided by 33623.
13
Calculate the remainder when 416712 is divided by 34719.
84
Calculate the remainder when 24579874 is divided by 85.
84
What is the remainder when 288399 is divided by 68?
11
What is the remainder when 7667557 is divided by 1160?
1117
What is the remainder when 5909033 is divided by 380?
33
What is the remainder when 25218640 is divided by 35?
20
What is the remainder when 102400 is divided by 3529?
59
What is the remainder when 905831 is divided by 1592?
1575
Calculate the remainder when 768582 is divided by 11824.
22
What is the remainder when 373455 is divided by 136?
135
What is the remainder when 8774040 is divided by 62?
48
What is the remainder when 13708377 is divided by 140?
137
What is the remainder when 217332 is divided by 3196?
4
What is the remainder when 4720037 is divided by 313?
310
Calculate the remainder when 452468 is divided by 181.
149
Calculate the remainder when 391381 is divided by 4206.
223
Calculate the remainder when 1576769 is divided by 879.
722
What is the remainder when 9034 is divided by 2989?
67
Calculate the remainder when 635465 is divided by 161.
159
What is the remainder when 423023 is divided by 210922?
1179
Calculate the remainder when 7140567 is divided by 134.
109
What is the remainder when 848762 is divided by 8160?
122
What is the remainder when 97108569 is divided by 7414?
7411
Calculate the remainder when 34345240 is divided by 94.
84
Calculate the remainder when 548774 is divided by 182857.
203
Calculate the remainder when 135882287 is divided by 4708.
4699
Calculate the remainder when 34600257 is divided by 2.
1
What is the remainder when 1386990 is divided by 277387?
55
Calculate the remainder when 159755 is divided by 5432.
2227
What is the remainder when 884981 is divided by 6103?
46
What is the remainder when 767814 is divided by 29504?
710
What is the remainder when 30473 is divided by 2805?
2423
Calculate the remainder when 2133649 is divided by 1390.
1389
Calculate the remainder when 66257058 is divided by 3312852.
18
What is the remainder when 703099 is divided by 6450?
49
What is the remainder when 1390575 is divided by 1389689?
886
Calculate the remainder when 66216 is divided by 4685.
626
Calculate the remainder when 23071055 is divided by 4614207.
20
What is the remainder when 2449150 is divided by 816156?
682
Calculate the remainder when 53126156 is divided by 689950.
6
Calculate the remainder when 679357 is divided by 150.
7
Calculate the remainder when 18264539 is divided by 6088136.
131
What is the remainder when 156366797 is divided by 9070?
9067
Calculate the remainder when 25117512 is divided by 201.
150
What is the remainder when 1207549402 is divided by 498?
496
Calculate the remainder when 1534402 is divided by 2852.
26
What is the remainder when 220115 is divided by 3546?
263
Calculate the remainder when 1208266 is divided by 2097.
394
What is the remainder when 111301 is divided by 4975?
1851
What is the remainder when 34335 is divided by 8564?
79
What is the remainder when 85977 is divided by 1610?
647
Calculate the remainder when 37728 is divided by 1299.
57
Calculate the remainder when 29143 is divided by 28774.
369
Calculate the remainder when 1657313 is divided by 17.
0
What is the remainder when 1667754613 is divided by 1492?
1489
What is the remainder when 14540940 is divided by 4846976?
12
Calculate the remainder when 70675111 is divided by 78267.
10
What is the remainder when 2864560 is divided by 141?
4
What is the remainder when 4173630 is divided by 482?
474
What is the remainder when 4868175 is divided by 1778?
11
Calculate the remainder when 149867004 is divided by 32.
28
Calculate the remainder when 2263196 is divided by 76.
68
Calculate the remainder when 7004070 is divided by 22377.
69
Calculate the remainder when 1184364 is divided by 3808.
76
Calculate